hat is the units digit of (4*3)/(s/12)?
8
Let n be -24 + (4/(-2) - 0). Let y = n - -38. Suppose 4*q - y = 5*x - 3*x, q + 3*x = 10. What is the units digit of q?
4
What is the tens digit of 51/2 - (-2)/(-4)?
2
Let m(z) = -2*z - 5. Let q(d) = d - 1. Let k(t) = -m(t) - 3*q(t). What is the units digit of k(7)?
1
Suppose 2*c = -2*c + 4. Let t = -1 + c. Let s = 1 + t. What is the units digit of s?
1
Suppose -2*t - 3*t - 10 = 0. Let d(h) = -2*h. Let l be d(-2). Let v = l - t. What is the units digit of v?
6
Let c(u) = 5*u**2 + 6*u + 3. What is the units digit of c(-5)?
8
Let o(m) = 8*m**2 - m + 23. What is the units digit of o(5)?
8
Suppose -1 = 4*n - 533. What is the hundreds digit of n?
1
Let k(p) = 2 - 8*p - p**2 + 2*p + 13*p. What is the units digit of k(7)?
2
Let b = 8 - 17. Let l = 41 + b. What is the tens digit of l?
3
Suppose 3*z - 3*x - 108 = -0*x, -5*x = 4*z - 117. What is the tens digit of z?
3
Suppose -2*u + 10*z = 5*z + 17, 25 = 5*u + z. Suppose u*h = -8, j - 4 = -0*j + h. What is the units digit of 6 - (j/(-2))/1?
7
Suppose 5*r = 3*r + 2. What is the units digit of 26 - (r + -1 + 3)?
3
Let m be -3 - 4 - 1*-1. What is the units digit of (-9)/6*m/1?
9
Let q(d) = d**2 - 4*d - 5. Let v = 10 - 4. Let z be q(v). Suppose 9 = 2*s + 4*u - z, -4*s = 5*u - 26. What is the units digit of s?
4
Let i(j) = 16*j - 1. Let y be i(4). Suppose -3 = -3*a + y. What is the tens digit of a?
2
Let t(k) = k**3 - 7*k**2 + 2*k - 2. Let q be t(7). Suppose 20 = 2*z - q. What is the units digit of z?
6
Let c = -61 - -212. What is the units digit of c?
1
Let l(a) = -a**3 - 5*a**2 + 4*a + 13. What is the tens digit of l(-6)?
2
Suppose 0*o + 3*o - 33 = 0. Let k be 2/4 + o/2. Let x(w) = -w**3 + 7*w**2 - 6*w + 6. What is the units digit of x(k)?
6
What is the units digit of 1*(-1512)/(-16)*4/3?
6
Let g be 2/(-3)*(3 + 3). Let x = g - -6. What is the units digit of (-5)/x*6/(-3)?
5
Let a be (-66 - -1)*(-4)/10. Suppose -3*x - 5 = -a. What is the units digit of x?
7
Let f(g) = -g**3 + 11*g**2 - 11*g + 13. What is the units digit of f(10)?
3
Let a(z) = -z - 1. Let v be a(2). Let f(t) = 6*t**2 - 2*t - 4. What is the units digit of f(v)?
6
Let a be (4/(-5))/((-18)/135). What is the tens digit of a/30 - (-148)/10?
1
Suppose 3*c - 17 - 7 = 0. Let s = c + -5. Suppose 2 - 5 = -s*t. What is the units digit of t?
1
What is the tens digit of (-574)/(-11) + (-4)/22?
5
What is the tens digit of ((-12)/9)/(2/(-282)*2)?
9
Let u(b) be the second derivative of b**5/20 - 11*b**4/12 + b**3/3 - 4*b**2 - b. What is the units digit of u(11)?
4
Suppose -z - l - 2*l + 26 = 0, 2*z - l = 17. Let j = -8 + z. Let q = 14 - j. What is the units digit of q?
1
Let y = 12 - 20. Let j(p) = -2 - 2 + 4*p - 5*p. What is the units digit of j(y)?
4
Let t be 225/2 - (-21)/(-14). Suppose v = -2*v + t. What is the units digit of v?
7
Suppose 1104 = 5*k - 166. What is the units digit of k?
4
Let o(q) be the second derivative of -q**3/6 + 3*q**2 - 2*q. What is the units digit of o(0)?
6
Let t = -3 + 7. Suppose t*b - 2*b = m - 2, 4*m + 7 = 5*b. Let g = m - -16. What is the units digit of g?
8
Suppose 2*r - 60 = -2*r. Let c = -5 + r. What is the units digit of 2/10 - (-18)/c?
2
Suppose -3*l - 3*k = -399, 2*k - 7 + 3 = 0. What is the tens digit of l?
3
Let l(a) = -2*a**3 - 2*a**2 + 2*a + 4. What is the tens digit of l(-4)?
9
What is the units digit of 2/2*5 - 0?
5
Let w = 0 - -2. Let s(h) = -2*h**2 + 3*h + 3. Let b(q) = -2*q**2 + 3*q + 4. Let n(u) = 6*b(u) - 7*s(u). What is the units digit of n(w)?
5
Suppose -p + 13 = -2*m, -3*p - 5*m - 1 = 4. Suppose -44 = -p*j + 31. What is the units digit of j?
5
Let i(n) = n - 5. Let w be i(7). Suppose z + z = -2, -5*q - w*z = 72. What is the units digit of q/(2 - (5 - 1))?
7
Suppose -1 = r - 6. Let k = -4 - -6. Suppose -g - k*o + 0 = -1, -g + r = o. What is the units digit of g?
9
Let u(w) = w**2 - 5*w + 6. Let p be u(14). Suppose 0 = 2*b + 2*a - 114 + 26, 3*b - p = 5*a. What is the units digit of b?
4
Suppose 2*y + 41 = -23. Let c = 60 + y. What is the tens digit of c?
2
Let d be (6/3 - -28) + -1. What is the tens digit of d - ((-6)/(-3) - 2)?
2
Suppose 776 + 360 = 8*u. What is the units digit of u?
2
Let b(h) = h**2 - 5*h + 2. Let d be b(3). Let j = d - -3. What is the units digit of 14/j*1/(-2)?
7
Let i(c) be the second derivative of c**3/6 + 8*c**2 + 3*c. What is the units digit of i(-14)?
2
Let o = 2 - -1. Let i be o - (-1 + 2 + 1). Let m = 1 + i. What is the units digit of m?
2
Let a(i) = -i**3 - 3*i**2 - 5*i + 6. What is the tens digit of a(-3)?
2
Suppose 20 = -4*u, -3*l = -0*l + 3*u - 165. Suppose 5*s = 2*s + l. Suppose -s = -6*x + 2*x. What is the units digit of x?
5
Let t be 2 + -1 - (-1 - -8). Let f(v) = v**2 + 2*v - 5. Let y be f(t). Let z = y + -1. What is the units digit of z?
8
Suppose 0 = -3*j + 3*f - 18, 3*f = -3*j - 2*f - 50. Let y = 21 + j. What is the tens digit of y?
1
Let n(k) = k**2 - 2. Suppose -f = 2*h + h - 4, 0 = 2*f - 5*h + 14. What is the units digit of n(f)?
2
Suppose 4*x - 6 = -30. Let j = x - -5. Let i = 3 - j. What is the units digit of i?
4
Let i be -33 + 6 - (-2 - 0). Let g = i - -39. What is the units digit of g?
4
Suppose 2*n - 2*a - 2 + 0 = 0, 6 = 2*a. Suppose 2*k = 6*z - 4*z + 8, -n*z = 3*k + 9. Suppose 4*j - b = 2*b + k, 3 = -j + 4*b. What is the units digit of j?
1
Let g = 24 - -12. What is the tens digit of g?
3
Let u(n) be the first derivative of 7*n**2/2 + n + 8. What is the tens digit of u(3)?
2
Let q(g) = -2*g - 10. Let z be q(-7). Let a = 0 + z. Suppose -c - a*c + 25 = 0. What is the units digit of c?
5
Let f = 6 + -1. Suppose -b + 90 = f*b. What is the tens digit of b?
1
Suppose 0*r = -2*r + 6. Suppose -2*z + 6*z = -16, 5*z + 65 = r*x. What is the tens digit of x?
1
What is the tens digit of 4/(-8)*-173 - (-1)/(-2)?
8
Let z be (-27 + -2)*(-1 - -2). Let i = z - -47. What is the units digit of i?
8
Suppose -3*l = -l, 4*l = 2*g - 220. What is the units digit of g?
0
What is the units digit of 54 + 1 - (-4 - 0)/(-4)?
4
Let s be (-5)/10*1*2. Let l = 2 - s. Suppose -l*n = -5*n + 28. What is the units digit of n?
4
Suppose w = 5*w - 24. Suppose -6 = -3*c, 0 = w*p - 4*p + 3*c - 44. What is the units digit of p?
9
Suppose -4*g - 1 + 45 = 0. What is the units digit of g?
1
Let q = 1 + 31. What is the tens digit of q?
3
Let g(d) = d**3 + d**2 + 2*d - 1. Let h be g(-2). Suppose -3*i + 2*t = 0, 2*i + 4*t + 1 + 15 = 0. What is the units digit of (6/(-2) - i)*h?
9
Let q(y) = y**3 - 6*y**2 + 6*y - 4. Suppose 0*g = -2*g - 18. Let p = -4 - g. What is the units digit of q(p)?
1
Let g(k) = 2 - k**2 + 2 - 143*k + 143*k. Suppose -4*j = -16, -j + 4 = -0*b + 2*b. What is the units digit of g(b)?
4
Suppose 3*o - 531 = -3*g, -4*o - 4*g - g = -712. Suppose o = 5*y - 2*u, y - u = 5*y - 141. What is the tens digit of y?
3
Suppose 0 = 5*z + 3*b + 38, -2*z - 19 = -0*z + 5*b. Let j = z + 12. Suppose -j + 3 = -i. What is the units digit of i?
2
Let r = -2 - -30. What is the units digit of r?
8
Suppose 4*o = 33 - 13. What is the units digit of o/(5/6) - 2?
4
Suppose 964 = -12*n + 3040. What is the units digit of n?
3
Let r be (20/(-5))/(1 - 3). Suppose 3*p = -4*z + 28, -r*p - 21 = -3*z + 2*p. What is the units digit of z?
7
What is the units digit of ((-304)/(-24))/((-4)/(-78))?
7
Let g = 145 + -85. What is the units digit of g?
0
Let a(v) = v**2 - 12*v + 44. What is the units digit of a(19)?
7
Let g be (180/63)/((-4)/(-14)). What is the tens digit of (-3 - g/6)*-3?
1
Let s(y) = y + 8. Let z be s(-6). Let b be (z + -2)*(-4)/(-8). Suppose 56 = 3*d + 2*d + 4*h, b = 3*d + 2*h - 32. What is the units digit of d?
8
Suppose -4*o + 100 - 12 = 0. Suppose 0 = -6*g + 2*g + 5*q + 30, -4*g + o = -q. What is the units digit of g?
5
Let j = 8 - -10. What is the units digit of j?
8
Let k be ((-4)/2)/((-3)/12). Let l(s) = -s**2 + 7*s + 11. What is the units digit of l(k)?
3
Let u(i) = 48*i + 1. What is the tens digit of u(4)?
9
Let m(r) = -6*r + 7. Let s(u) = -u. Let w(f) = m(f) - 5*s(f). Suppose -5*c = -3*c. What is the units digit of w(c)?
7
Suppose 4*q - 5 + 17 = 4*s, -2*q + 4*s - 16 = 0. Suppose 8 = q*c, y + 3*c = -4 + 18. Suppose 6 = y*j - 0. What is the units digit of j?
3
Suppose 3*i - 53 = -11. What is the tens digit of 86/7 - 4/i?
1
Let u(x) = 2*x**2 + 6*x + 4. What is t